hen 842/18 + a/27 is divided by 12.
11
Suppose 0 = 2*k + 2, 0*h - 4*h = -2*k - 58. Suppose 3*p - 201 + 36 = 0. Calculate the remainder when p is divided by h.
13
Let q = -8 + 9. Suppose -2*m + 11 = q. Calculate the remainder when m is divided by 4.
1
Suppose 2*k + 6 = 5*k. Suppose 5*a - 25 = -k*c, -a + 19 - 95 = -5*c. What is the remainder when 44 is divided by c?
14
Suppose 0 = 4*q - 31 + 7. Suppose -3*b + 7*b = 4*w + 88, 2*w = b - 24. Suppose l + 4*l = b. Calculate the remainder when q is divided by l.
2
Suppose 4*v - 3 = v. Let g(y) = 4*y**2 + 3*y**2 - v - 5*y**2 + y. Calculate the remainder when g(3) is divided by 7.
6
Let v = 42 - 4. What is the remainder when v is divided by 13?
12
Suppose 0 = -4*x - 2*l + 10, 0*x + l = 2*x - 11. Suppose x*p = 67 - 15. Calculate the remainder when 51 is divided by p.
12
Suppose -4*r = -5*h - 181, -5*h = 4*r - 0*h - 171. What is the remainder when 219 is divided by r?
43
Suppose -2*z = -4*z + 44. Let v(d) = 2*d**2 + 11*d - 64. Calculate the remainder when z is divided by v(4).
10
Let l(p) = -2*p**2 + 5*p - 4. Let c(q) = -3*q**2 + 9*q - 7. Let h(t) = 3*c(t) - 5*l(t). What is the remainder when 12 is divided by h(2)?
5
Let n = -2 + 2. Suppose n = 3*p - p - 50. Calculate the remainder when p is divided by -6*((-45)/(-6))/(-5).
7
Suppose -12 = 3*x, -w + x = 4*w - 14. Suppose -c = -w*c + 44. Calculate the remainder when c is divided by -1 + 14 + 2/1.
14
Suppose -o + 5*c - 1 = 5, 28 = -2*o + 2*c. Let p = o + 40. Calculate the remainder when 93 is divided by p.
21
Let n(s) = s - 13. Let w be n(15). Suppose -2*p = -4*x - 1 - 7, -w*p = -5*x - 4. What is the remainder when p is divided by 5?
2
Suppose -3*v + 11 = s, 5*s + 18 + 3 = 4*v. Suppose -4*q = -2*m + 4*m - 74, -4*m = v*q - 64. What is the remainder when q is divided by 6?
3
Let a(d) = -d - 2. Let y be a(-6). Suppose -r - 2 = u + r, -12 = y*r. What is the remainder when 6 is divided by u?
2
Let k = -68 - -82. Calculate the remainder when 38 is divided by k.
10
Suppose d = 5*m - 114, 3*m = 2*d + 3*d + 86. Calculate the remainder when m is divided by 8.
6
Suppose -2*d = -7 - 11. What is the remainder when ((-12)/16)/(2/(-88)) is divided by d?
6
Let x = 63 + 7. Suppose 0 = -5*h - 4*k + 224 - x, k - 31 = -h. Suppose 5*z = -4*f + h + 24, 0 = -2*z + 5*f + 48. Calculate the remainder when z is divided by 4.
2
Suppose 4*m = -l + 289, -l = -m - 0*m + 66. What is the remainder when m is divided by 24?
23
Let l(i) = -i**2 - 8*i - 2. Let a(h) = -44*h - 59. What is the remainder when a(-2) is divided by l(-6)?
9
Let q(r) = 19*r + 1. Suppose -2*f + 3*b = -b - 18, 0 = -2*f - 2*b - 6. Let c be ((-1)/(-2))/(f/2). What is the remainder when q(c) is divided by 11?
9
Suppose 0 = 2*q - 3*q. Suppose -u + 9 = -2. Calculate the remainder when q - -1 - 0 - -20 is divided by u.
10
Let n(w) = w + 1. Let b be n(-5). Let l(f) = f**2 + f - 4. What is the remainder when 15 is divided by l(b)?
7
Let x(r) = r**3 + 3. Let d be x(0). Suppose 3*w + 2*g = -1, -3*w - g - d*g = 11. What is the remainder when 4 is divided by w?
1
Suppose -170 + 34 = -4*n. Let p = n - 24. What is the remainder when 37 is divided by p?
7
Suppose -l = -3*l - 2*u - 38, -l - 2*u - 20 = 0. Let z = -6 - l. Suppose -2*d = -2*v + z, -4*v + d = -6*v + 6. What is the remainder when 7 is divided by v?
3
Let g(v) = 2*v**2 - 7*v - 3. Calculate the remainder when g(5) is divided by (-2)/9 + 130/18.
5
Suppose 7*n - 3*n - 512 = -4*y, 0 = y + 4*n - 131. What is the remainder when y is divided by 26?
23
Let m = -113 - -188. What is the remainder when m is divided by 19?
18
Let x(n) = -n**2 + 14*n + 5. Let s be x(14). Suppose -5*a - 6 = -2*q - 78, -76 = -s*a + q. Calculate the remainder when ((-62)/8)/(1/(-4)) is divided by a.
15
Suppose 0 = -3*u + 24 + 126. What is the remainder when u is divided by 17?
16
Suppose t = -5*h + 61, 3*t + 25 = -4*h + 5*h. Calculate the remainder when 20 is divided by h.
7
Suppose 0*q - 5*c = 2*q - 215, 4*c + 311 = 3*q. Calculate the remainder when q is divided by 23.
13
Let q be ((-4)/(-1))/(3/3). What is the remainder when 53 is divided by 72/5 - q/10?
11
Let b(i) = -2*i**3 - i**2 - i - 2. Suppose 0 = -3*s - 2*k - 145, 2*s + 17 + 67 = 5*k. Calculate the remainder when 2 - (1 + 1 + s) is divided by b(-2).
11
Suppose 0 = 4*f + 4*a - 40, -1 = f + 5*a + 1. Let h = 2 + 1. Suppose k - 4*k - 3*g + 9 = 0, 4*g = h*k - 37. Calculate the remainder when f is divided by k.
6
Let f(a) = -a - 5. Calculate the remainder when 11 is divided by f(-12).
4
Let b(a) = a**3 - 8*a**2 + 16*a. What is the remainder when 70 is divided by b(6)?
22
Let i = -1 - 3. Suppose 3 = q - 11. Calculate the remainder when (1 - -50) + (-2 - i) is divided by q.
11
Let q be (-4)/(-14) - (-4)/(-14). Let f = 74 + -71. What is the remainder when 0 - q/2 - -4 is divided by f?
1
Let j = 89 + -49. Suppose 5*f = -65 + 170. What is the remainder when j is divided by f?
19
Suppose 3*u + 163 = 2*p, 86 = 2*p + 5*u - 85. Calculate the remainder when p is divided by 21.
20
Suppose -3*q = -57 - 78. Calculate the remainder when q is divided by 2 + 0/2 + 14.
13
Suppose 5*z + 148 + 222 = 5*t, -5*t - 3*z = -354. What is the remainder when t is divided by 25?
22
Calculate the remainder when 13 is divided by ((-14)/(-42))/(2/30).
3
Let r = 1 - -6. Calculate the remainder when 44 is divided by r.
2
What is the remainder when 1/(2/(-25))*(-2 + 0) is divided by 14?
11
Let i(q) = q**3 - 6*q**2 - 3*q + 4. Let y be (-11 + -3)/(-1 + -1). Suppose -k + 4*k = 51. What is the remainder when i(y) is divided by k?
15
Suppose 2*m - 20 = -4*p, 5*m + 38 - 102 = -3*p. What is the remainder when 55 is divided by m?
13
Let f = 44 - 15. Calculate the remainder when 57 is divided by f.
28
Let g = 63 - 21. Calculate the remainder when 12 is divided by (1*2)/(12/g).
5
Calculate the remainder when 2/4 - (-385)/10 - -2 is divided by 11.
8
Suppose -2*z + 158 + 134 = 0. What is the remainder when z is divided by 49?
48
Let x(l) = l**2 - 4*l + 1. Calculate the remainder when 23 is divided by x(5).
5
Suppose 0 = 11*v - 9*v - 78. Calculate the remainder when v is divided by 10.
9
Let c be (-4)/(-4) - 6 - -3. Let b = -4 + 3. Calculate the remainder when 34 is divided by (c + 1 + b)*-9.
16
Suppose -3*t = -t + 4*c + 48, -86 = 3*t - c. Let j = -19 - t. Let n = 17 - j. What is the remainder when 15 is divided by n?
7
Let q(g) be the third derivative of g**6/60 - g**5/30 - g**4/24 + g**3/2 + g**2. What is the remainder when q(2) is divided by 5?
4
Suppose -3*c - 4*z + 76 = 0, 2*z - 116 = -5*c - 2*z. Calculate the remainder when c is divided by 11.
9
Let d = -17 - -53. Suppose 2*j - d = -2*j. Let w = 99 + -73. What is the remainder when w is divided by j?
8
Suppose -105 + 261 = 4*f. What is the remainder when f is divided by 20?
19
Suppose 2*d - d - 3 = -4*m, -3*d - 7 = -4*m. What is the remainder when (-22)/8*(-16)/m is divided by 15?
14
What is the remainder when 110 is divided by (-1)/(2/(-52)) - -2?
26
Let d = 7 + 14. Calculate the remainder when 4784/120 - 4/(-30) is divided by d.
19
Suppose -4*h = 5*p - 331, h = 5*p + 6*h - 335. Calculate the remainder when p is divided by 6.
3
Calculate the remainder when 61 is divided by -3 + -5 + 27 - -2.
19
Let t(o) = o**3 - 7*o**2 - 7*o - 2. Let s be t(8). Suppose s = d + 32. Let u = 44 + d. Calculate the remainder when u is divided by 5.
3
What is the remainder when (-777)/(-9) - 11/33 is divided by 18?
14
Let h(a) = 0 + a**2 + 6 + 7*a + 3 + a. Let b be h(-6). Let n = b + 9. Calculate the remainder when 10 is divided by n.
4
Let p(n) = 2*n**2 + n - 2. What is the remainder when 35 is divided by p(3)?
16
Suppose 125 = b + 4*b. Suppose -3*q - 9 = -t - 8*q, -4*q = -5*t + 74. What is the remainder when b is divided by t?
11
Suppose -112 = -5*c - 12. Let f be ((-3)/6)/((-1)/44). Suppose 0*k + 2*k = f. What is the remainder when c is divided by k?
9
Calculate the remainder when 110 is divided by -8*((-2)/(-2) - 3).
14
Suppose 6*v - 162 = -0*v. Let q = 12 - 5. What is the remainder when v is divided by q?
6
Let v(h) = h**2 - 10*h + 9. Let c(l) = -l**3 + 7*l**2 - 6*l - 2. Let a be c(6). Let d be (a + 1 + 0)*-11. What is the remainder when 58 is divided by v(d)?
18
Suppose 2*b - 34 = -0*b - 4*o, -o = 3*b - 66. What is the remainder when 112 is divided by b?
2